{"id":814,"date":"2026-05-05T08:59:18","date_gmt":"2026-05-05T08:59:18","guid":{"rendered":"https:\/\/fjarilyogasound.se\/?page_id=814"},"modified":"2026-05-11T11:27:23","modified_gmt":"2026-05-11T11:27:23","slug":"pianolektionersanglektioner","status":"publish","type":"page","link":"https:\/\/fjarilyogasound.se\/?page_id=814","title":{"rendered":"Pianolektioner S\u00e5nglektioner"},"content":{"rendered":"<style>.kb-row-layout-id814_ef2803-61 > .kt-row-column-wrap{align-content:start;}:where(.kb-row-layout-id814_ef2803-61 > .kt-row-column-wrap) > .wp-block-kadence-column{justify-content:start;}.kb-row-layout-id814_ef2803-61 > .kt-row-column-wrap{column-gap:80px;row-gap:var(--global-kb-gap-md, 2rem);max-width:var( --global-content-width, 1290px );padding-left:var(--global-content-edge-padding);padding-right:var(--global-content-edge-padding);padding-top:109px;padding-bottom:80px;}.kb-row-layout-id814_ef2803-61 > .kt-row-column-wrap > div:not(.added-for-specificity){grid-column:initial;}.kb-row-layout-id814_ef2803-61 > .kt-row-column-wrap{grid-template-columns:repeat(3, minmax(0, 1fr));}.kb-row-layout-id814_ef2803-61 > .kt-row-layout-overlay{opacity:0.30;}@media all and (max-width: 1024px){.kb-row-layout-id814_ef2803-61 > .kt-row-column-wrap > *:nth-child(3n of *:not(style)){grid-column:1 \/ -1;}}@media all and (max-width: 1024px){.kb-row-layout-id814_ef2803-61 > .kt-row-column-wrap{grid-template-columns:repeat(2, minmax(0, 1fr));}}@media all and (max-width: 767px){.kb-row-layout-id814_ef2803-61 > .kt-row-column-wrap > div:not(.added-for-specificity){grid-column:initial;}.kb-row-layout-id814_ef2803-61 > .kt-row-column-wrap{grid-template-columns:minmax(0, 1fr);}}<\/style><div class=\"kb-row-layout-wrap kb-row-layout-id814_ef2803-61 alignfull has-theme-palette9-background-color kt-row-has-bg wp-block-kadence-rowlayout\"><div class=\"kt-row-column-wrap kt-has-3-columns kt-row-layout-equal kt-tab-layout-last-row kt-mobile-layout-row kt-row-valign-top kb-theme-content-width\">\n<style>.kadence-column814_4a130b-fe > .kt-inside-inner-col,.kadence-column814_4a130b-fe > .kt-inside-inner-col:before{border-top-left-radius:0px;border-top-right-radius:0px;border-bottom-right-radius:0px;border-bottom-left-radius:0px;}.kadence-column814_4a130b-fe > .kt-inside-inner-col{column-gap:var(--global-kb-gap-sm, 1rem);}.kadence-column814_4a130b-fe > .kt-inside-inner-col{flex-direction:column;}.kadence-column814_4a130b-fe > .kt-inside-inner-col > .aligncenter{width:100%;}.kadence-column814_4a130b-fe > .kt-inside-inner-col:before{opacity:0.3;}.kadence-column814_4a130b-fe{position:relative;}@media all and (max-width: 1024px){.kadence-column814_4a130b-fe > .kt-inside-inner-col{flex-direction:column;justify-content:center;}}@media all and (max-width: 767px){.kadence-column814_4a130b-fe > .kt-inside-inner-col{flex-direction:column;justify-content:center;}}<\/style>\n<div class=\"wp-block-kadence-column kadence-column814_4a130b-fe inner-column-1\"><div class=\"kt-inside-inner-col\"><style>.wp-block-kadence-advancedheading.kt-adv-heading814_a89d21-b2, .wp-block-kadence-advancedheading.kt-adv-heading814_a89d21-b2[data-kb-block=\"kb-adv-heading814_a89d21-b2\"]{font-style:normal;}.wp-block-kadence-advancedheading.kt-adv-heading814_a89d21-b2 mark.kt-highlight, .wp-block-kadence-advancedheading.kt-adv-heading814_a89d21-b2[data-kb-block=\"kb-adv-heading814_a89d21-b2\"] mark.kt-highlight{font-style:normal;color:#f76a0c;-webkit-box-decoration-break:clone;box-decoration-break:clone;padding-top:0px;padding-right:0px;padding-bottom:0px;padding-left:0px;}.wp-block-kadence-advancedheading.kt-adv-heading814_a89d21-b2 img.kb-inline-image, .wp-block-kadence-advancedheading.kt-adv-heading814_a89d21-b2[data-kb-block=\"kb-adv-heading814_a89d21-b2\"] img.kb-inline-image{width:150px;vertical-align:baseline;}<\/style>\n<h6 class=\"kt-adv-heading814_a89d21-b2 wp-block-kadence-advancedheading\" data-kb-block=\"kb-adv-heading814_a89d21-b2\">S\u00e5nglektioner <\/h6>\n\n\n<style>.wp-block-kadence-advancedheading.kt-adv-heading814_75207d-83, .wp-block-kadence-advancedheading.kt-adv-heading814_75207d-83[data-kb-block=\"kb-adv-heading814_75207d-83\"]{padding-bottom:0px;margin-bottom:10px;font-style:normal;}.wp-block-kadence-advancedheading.kt-adv-heading814_75207d-83 mark.kt-highlight, .wp-block-kadence-advancedheading.kt-adv-heading814_75207d-83[data-kb-block=\"kb-adv-heading814_75207d-83\"] mark.kt-highlight{font-style:normal;color:#f76a0c;-webkit-box-decoration-break:clone;box-decoration-break:clone;padding-top:0px;padding-right:0px;padding-bottom:0px;padding-left:0px;}.wp-block-kadence-advancedheading.kt-adv-heading814_75207d-83 img.kb-inline-image, .wp-block-kadence-advancedheading.kt-adv-heading814_75207d-83[data-kb-block=\"kb-adv-heading814_75207d-83\"] img.kb-inline-image{width:150px;vertical-align:baseline;}<\/style>\n<p class=\"kt-adv-heading814_75207d-83 wp-block-kadence-advancedheading\" data-kb-block=\"kb-adv-heading814_75207d-83\">Till mig \u00e4r alla som vill l\u00e4ra sig mer om s\u00e5ng v\u00e4lkomna. Jag arbetar lite olika beroende p\u00e5 DIG, din situation, \u00e5lder osv. och k\u00e4nner av vad just du beh\u00f6ver f\u00f6r att utvecklas. Med enkla tekniker kan du utveckla din s\u00e5ngr\u00f6st. Jag kombinerar Jo Estill Voice training-teknik med mina kunskaper fr\u00e5n Musikh\u00f6gskolan. Alla kan utvecklas utifr\u00e5n platsen de \u00e4r p\u00e5 just nu. Se priser f\u00f6r s\u00e5nglektioner <a href=\"https:\/\/fjarilyogasound.se\/priser\/\">H\u00c4R<\/a><\/p>\n\n\n<style>.wp-block-kadence-image.kb-image814_474bc9-59:not(.kb-specificity-added):not(.kb-extra-specificity-added){margin-top:0px;}.kb-image814_474bc9-59:not(.kb-image-is-ratio-size) .kb-img, .kb-image814_474bc9-59.kb-image-is-ratio-size{padding-top:0px;}.kb-image814_474bc9-59 .kb-image-has-overlay:after{opacity:0.3;}<\/style>\n<figure class=\"wp-block-kadence-image kb-image814_474bc9-59 size-full kb-image-is-ratio-size\"><div class=\"kb-is-ratio-image kb-image-ratio-square\"><img loading=\"lazy\" decoding=\"async\" width=\"640\" height=\"427\" src=\"https:\/\/fjarilyogasound.se\/wp-content\/uploads\/2026\/05\/uschi_du-singer-3548070_640.jpg\" alt=\"Fj\u00e4ril yogasound\" class=\"kb-img wp-image-811\" srcset=\"https:\/\/fjarilyogasound.se\/wp-content\/uploads\/2026\/05\/uschi_du-singer-3548070_640.jpg 640w, https:\/\/fjarilyogasound.se\/wp-content\/uploads\/2026\/05\/uschi_du-singer-3548070_640-300x200.jpg 300w\" sizes=\"auto, (max-width: 640px) 100vw, 640px\" \/><\/div><\/figure>\n<\/div><\/div>\n\n\n<style>.kadence-column814_8b5007-72 > .kt-inside-inner-col,.kadence-column814_8b5007-72 > .kt-inside-inner-col:before{border-top-left-radius:0px;border-top-right-radius:0px;border-bottom-right-radius:0px;border-bottom-left-radius:0px;}.kadence-column814_8b5007-72 > .kt-inside-inner-col{column-gap:var(--global-kb-gap-sm, 1rem);}.kadence-column814_8b5007-72 > .kt-inside-inner-col{flex-direction:column;}.kadence-column814_8b5007-72 > .kt-inside-inner-col > .aligncenter{width:100%;}.kadence-column814_8b5007-72 > .kt-inside-inner-col:before{opacity:0.3;}.kadence-column814_8b5007-72{position:relative;}@media all and (max-width: 1024px){.kadence-column814_8b5007-72 > .kt-inside-inner-col{flex-direction:column;justify-content:center;}}@media all and (max-width: 767px){.kadence-column814_8b5007-72 > .kt-inside-inner-col{flex-direction:column;justify-content:center;}}<\/style>\n<div class=\"wp-block-kadence-column kadence-column814_8b5007-72 kb-section-sm-dir-vertical inner-column-2\"><div class=\"kt-inside-inner-col\"><style>.wp-block-kadence-image.kb-image814_9783d3-3a:not(.kb-specificity-added):not(.kb-extra-specificity-added){margin-top:0px;margin-bottom:0px;}.kb-image814_9783d3-3a:not(.kb-image-is-ratio-size) .kb-img, .kb-image814_9783d3-3a.kb-image-is-ratio-size{padding-top:0px;padding-bottom:0px;}.kb-image814_9783d3-3a .kb-image-has-overlay:after{opacity:0.3;}<\/style>\n<figure class=\"wp-block-kadence-image kb-image814_9783d3-3a size-full kb-image-is-ratio-size\"><div class=\"kb-is-ratio-image kb-image-ratio-square\"><img loading=\"lazy\" decoding=\"async\" width=\"640\" height=\"427\" src=\"https:\/\/fjarilyogasound.se\/wp-content\/uploads\/2026\/05\/piano.jpg\" alt=\"Piano\/S\u00e5ng\" class=\"kb-img wp-image-810\" srcset=\"https:\/\/fjarilyogasound.se\/wp-content\/uploads\/2026\/05\/piano.jpg 640w, https:\/\/fjarilyogasound.se\/wp-content\/uploads\/2026\/05\/piano-300x200.jpg 300w\" sizes=\"auto, (max-width: 640px) 100vw, 640px\" \/><\/div><\/figure>\n\n\n<style>.wp-block-kadence-advancedheading.kt-adv-heading814_95e5ea-9a, .wp-block-kadence-advancedheading.kt-adv-heading814_95e5ea-9a[data-kb-block=\"kb-adv-heading814_95e5ea-9a\"]{padding-top:0px;margin-top:15px;font-style:normal;}.wp-block-kadence-advancedheading.kt-adv-heading814_95e5ea-9a mark.kt-highlight, .wp-block-kadence-advancedheading.kt-adv-heading814_95e5ea-9a[data-kb-block=\"kb-adv-heading814_95e5ea-9a\"] mark.kt-highlight{font-style:normal;color:#f76a0c;-webkit-box-decoration-break:clone;box-decoration-break:clone;padding-top:0px;padding-right:0px;padding-bottom:0px;padding-left:0px;}.wp-block-kadence-advancedheading.kt-adv-heading814_95e5ea-9a img.kb-inline-image, .wp-block-kadence-advancedheading.kt-adv-heading814_95e5ea-9a[data-kb-block=\"kb-adv-heading814_95e5ea-9a\"] img.kb-inline-image{width:150px;vertical-align:baseline;}<\/style>\n<h6 class=\"kt-adv-heading814_95e5ea-9a wp-block-kadence-advancedheading\" data-kb-block=\"kb-adv-heading814_95e5ea-9a\">Pianolektioner<\/h6>\n\n\n<style>.wp-block-kadence-advancedheading.kt-adv-heading814_2a7f2b-37, .wp-block-kadence-advancedheading.kt-adv-heading814_2a7f2b-37[data-kb-block=\"kb-adv-heading814_2a7f2b-37\"]{padding-bottom:0px;margin-bottom:10px;font-style:normal;}.wp-block-kadence-advancedheading.kt-adv-heading814_2a7f2b-37 mark.kt-highlight, .wp-block-kadence-advancedheading.kt-adv-heading814_2a7f2b-37[data-kb-block=\"kb-adv-heading814_2a7f2b-37\"] mark.kt-highlight{font-style:normal;color:#f76a0c;-webkit-box-decoration-break:clone;box-decoration-break:clone;padding-top:0px;padding-right:0px;padding-bottom:0px;padding-left:0px;}.wp-block-kadence-advancedheading.kt-adv-heading814_2a7f2b-37 img.kb-inline-image, .wp-block-kadence-advancedheading.kt-adv-heading814_2a7f2b-37[data-kb-block=\"kb-adv-heading814_2a7f2b-37\"] img.kb-inline-image{width:150px;vertical-align:baseline;}<\/style>\n<p class=\"kt-adv-heading814_2a7f2b-37 wp-block-kadence-advancedheading\" data-kb-block=\"kb-adv-heading814_2a7f2b-37\">Jag tar emot b\u00e5de barn och vuxna f\u00f6r pianolektioner. Jag l\u00e4r dig att f\u00f6rst\u00e5 musikens spr\u00e5k, antingen om du vill l\u00e4ra dig att spela noter eller ackompanjera med ackord. Jag tar emot barn i par om s\u00e5 \u00f6nskas. Det kan vara l\u00e4ttare f\u00f6r ekonomin eftersom ni d\u00e5 delar p\u00e5 samma kostnad och roligt att ha en piano-kompis och n\u00e5got gemensamt att g\u00f6ra. Vi g\u00e5r fram\u00e5t i den takt som passar dig. \u00c4ven vuxna \u00e4r v\u00e4lkomna s\u00e5klart. Se priser f\u00f6r pianolektioner <a href=\"https:\/\/fjarilyogasound.se\/priser\/\">H\u00c4R<\/a><\/p>\n<\/div><\/div>\n\n\n<style>.kadence-column814_5888cd-8d > .kt-inside-inner-col,.kadence-column814_5888cd-8d > .kt-inside-inner-col:before{border-top-left-radius:0px;border-top-right-radius:0px;border-bottom-right-radius:0px;border-bottom-left-radius:0px;}.kadence-column814_5888cd-8d > .kt-inside-inner-col{column-gap:var(--global-kb-gap-sm, 1rem);}.kadence-column814_5888cd-8d > .kt-inside-inner-col{flex-direction:column;}.kadence-column814_5888cd-8d > .kt-inside-inner-col > .aligncenter{width:100%;}.kadence-column814_5888cd-8d > .kt-inside-inner-col:before{opacity:0.3;}.kadence-column814_5888cd-8d{position:relative;}@media all and (max-width: 1024px){.kadence-column814_5888cd-8d > .kt-inside-inner-col{flex-direction:column;justify-content:center;}}@media all and (max-width: 767px){.kadence-column814_5888cd-8d > .kt-inside-inner-col{flex-direction:column;justify-content:center;}}<\/style>\n<div class=\"wp-block-kadence-column kadence-column814_5888cd-8d inner-column-3\"><div class=\"kt-inside-inner-col\"><style>.wp-block-kadence-advancedheading.kt-adv-heading814_99a344-5c, .wp-block-kadence-advancedheading.kt-adv-heading814_99a344-5c[data-kb-block=\"kb-adv-heading814_99a344-5c\"]{font-style:normal;}.wp-block-kadence-advancedheading.kt-adv-heading814_99a344-5c mark.kt-highlight, .wp-block-kadence-advancedheading.kt-adv-heading814_99a344-5c[data-kb-block=\"kb-adv-heading814_99a344-5c\"] mark.kt-highlight{font-style:normal;color:#f76a0c;-webkit-box-decoration-break:clone;box-decoration-break:clone;padding-top:0px;padding-right:0px;padding-bottom:0px;padding-left:0px;}.wp-block-kadence-advancedheading.kt-adv-heading814_99a344-5c img.kb-inline-image, .wp-block-kadence-advancedheading.kt-adv-heading814_99a344-5c[data-kb-block=\"kb-adv-heading814_99a344-5c\"] img.kb-inline-image{width:150px;vertical-align:baseline;}<\/style>\n<h6 class=\"kt-adv-heading814_99a344-5c wp-block-kadence-advancedheading\" data-kb-block=\"kb-adv-heading814_99a344-5c\">Min Syn p\u00e5 kreativitet<\/h6>\n\n\n<style>.wp-block-kadence-advancedheading.kt-adv-heading814_4059f4-6b, .wp-block-kadence-advancedheading.kt-adv-heading814_4059f4-6b[data-kb-block=\"kb-adv-heading814_4059f4-6b\"]{padding-bottom:0px;margin-bottom:10px;font-style:normal;}.wp-block-kadence-advancedheading.kt-adv-heading814_4059f4-6b mark.kt-highlight, .wp-block-kadence-advancedheading.kt-adv-heading814_4059f4-6b[data-kb-block=\"kb-adv-heading814_4059f4-6b\"] mark.kt-highlight{font-style:normal;color:#f76a0c;-webkit-box-decoration-break:clone;box-decoration-break:clone;padding-top:0px;padding-right:0px;padding-bottom:0px;padding-left:0px;}.wp-block-kadence-advancedheading.kt-adv-heading814_4059f4-6b img.kb-inline-image, .wp-block-kadence-advancedheading.kt-adv-heading814_4059f4-6b[data-kb-block=\"kb-adv-heading814_4059f4-6b\"] img.kb-inline-image{width:150px;vertical-align:baseline;}<\/style>\n<p class=\"kt-adv-heading814_4059f4-6b wp-block-kadence-advancedheading\" data-kb-block=\"kb-adv-heading814_4059f4-6b\">Att jag b\u00f6rjade \u00e4gna mig \u00e5t musik och skapande redan som litet barn var n\u00e5got s\u00e5 naturligt. Jag tror att vi m\u00e4nniskor beh\u00f6ver uttrycka oss genom s\u00e5ng, dans, bild, foto, you name it. Det \u00e4r h\u00e4lsofj\u00e4mjande, otroligt bra f\u00f6r hj\u00e4rnan och stressreducerande. Du skapar fokus, koncentration, st\u00e4nger ute on\u00f6diga intryck n\u00e4r du \u00e4gnar dig \u00e5t musik och skapande. Det \u00e4r D\u00c4RF\u00d6R vi ska sjunga och spela i f\u00f6rsta hand! Inte v\u00e4rdera, bed\u00f6ma och tystas ner eller tro att vi inte kan. Vi \u00e4r skapande m\u00e4nniskor, alla kan vara kreativa. <\/p>\n\n\n<style>.wp-block-kadence-image.kb-image814_7984fc-81:not(.kb-specificity-added):not(.kb-extra-specificity-added){margin-top:0px;}.kb-image814_7984fc-81:not(.kb-image-is-ratio-size) .kb-img, .kb-image814_7984fc-81.kb-image-is-ratio-size{padding-top:0px;}.kb-image814_7984fc-81 .kb-image-has-overlay:after{opacity:0.3;}<\/style>\n<figure class=\"wp-block-kadence-image kb-image814_7984fc-81 size-large kb-image-is-ratio-size\"><div class=\"kb-is-ratio-image kb-image-ratio-square\"><img loading=\"lazy\" decoding=\"async\" width=\"1024\" height=\"683\" src=\"https:\/\/fjarilyogasound.se\/wp-content\/uploads\/2026\/05\/kreativitet-1024x683.jpg\" alt=\"\" class=\"kb-img wp-image-817\" srcset=\"https:\/\/fjarilyogasound.se\/wp-content\/uploads\/2026\/05\/kreativitet-1024x683.jpg 1024w, https:\/\/fjarilyogasound.se\/wp-content\/uploads\/2026\/05\/kreativitet-300x200.jpg 300w, https:\/\/fjarilyogasound.se\/wp-content\/uploads\/2026\/05\/kreativitet-768x512.jpg 768w, https:\/\/fjarilyogasound.se\/wp-content\/uploads\/2026\/05\/kreativitet-1536x1024.jpg 1536w, https:\/\/fjarilyogasound.se\/wp-content\/uploads\/2026\/05\/kreativitet-2048x1365.jpg 2048w\" sizes=\"auto, (max-width: 1024px) 100vw, 1024px\" \/><\/div><\/figure>\n<\/div><\/div>\n\n\n<style>.kadence-column814_070aba-ee > .kt-inside-inner-col,.kadence-column814_070aba-ee > .kt-inside-inner-col:before{border-top-left-radius:0px;border-top-right-radius:0px;border-bottom-right-radius:0px;border-bottom-left-radius:0px;}.kadence-column814_070aba-ee > .kt-inside-inner-col{column-gap:var(--global-kb-gap-sm, 1rem);}.kadence-column814_070aba-ee > .kt-inside-inner-col{flex-direction:column;}.kadence-column814_070aba-ee > .kt-inside-inner-col > .aligncenter{width:100%;}.kadence-column814_070aba-ee > .kt-inside-inner-col:before{opacity:0.3;}.kadence-column814_070aba-ee{position:relative;}@media all and (max-width: 1024px){.kadence-column814_070aba-ee > .kt-inside-inner-col{flex-direction:column;justify-content:center;}}@media all and (max-width: 767px){.kadence-column814_070aba-ee > .kt-inside-inner-col{flex-direction:column;justify-content:center;}}<\/style>\n<div class=\"wp-block-kadence-column kadence-column814_070aba-ee\"><div class=\"kt-inside-inner-col\">\n<p><\/p>\n<\/div><\/div>\n\n<\/div><\/div>\n\n<style>.kb-row-layout-id814_ced09d-64 > .kt-row-column-wrap{align-content:start;}:where(.kb-row-layout-id814_ced09d-64 > .kt-row-column-wrap) > .wp-block-kadence-column{justify-content:start;}.kb-row-layout-id814_ced09d-64 > .kt-row-column-wrap{column-gap:var(--global-kb-gap-md, 2rem);row-gap:var(--global-kb-gap-md, 2rem);padding-top:var(--global-kb-spacing-sm, 1.5rem);padding-bottom:var(--global-kb-spacing-sm, 1.5rem);grid-template-columns:minmax(0, 1fr);}.kb-row-layout-id814_ced09d-64 > .kt-row-layout-overlay{opacity:0.30;}@media all and (max-width: 1024px){.kb-row-layout-id814_ced09d-64 > .kt-row-column-wrap{grid-template-columns:minmax(0, 1fr);}}@media all and (max-width: 767px){.kb-row-layout-id814_ced09d-64 > .kt-row-column-wrap{grid-template-columns:minmax(0, 1fr);}}<\/style><div class=\"kb-row-layout-wrap kb-row-layout-id814_ced09d-64 alignnone wp-block-kadence-rowlayout\"><div class=\"kt-row-column-wrap kt-has-1-columns kt-row-layout-equal kt-tab-layout-inherit kt-mobile-layout-row kt-row-valign-top\">\n<style>.kadence-column814_d39ca1-14 > .kt-inside-inner-col,.kadence-column814_d39ca1-14 > .kt-inside-inner-col:before{border-top-left-radius:0px;border-top-right-radius:0px;border-bottom-right-radius:0px;border-bottom-left-radius:0px;}.kadence-column814_d39ca1-14 > .kt-inside-inner-col{column-gap:var(--global-kb-gap-sm, 1rem);}.kadence-column814_d39ca1-14 > .kt-inside-inner-col{flex-direction:column;}.kadence-column814_d39ca1-14 > .kt-inside-inner-col > .aligncenter{width:100%;}.kadence-column814_d39ca1-14 > .kt-inside-inner-col:before{opacity:0.3;}.kadence-column814_d39ca1-14{position:relative;}@media all and (max-width: 1024px){.kadence-column814_d39ca1-14 > .kt-inside-inner-col{flex-direction:column;justify-content:center;}}@media all and (max-width: 767px){.kadence-column814_d39ca1-14 > .kt-inside-inner-col{flex-direction:column;justify-content:center;}}<\/style>\n<div class=\"wp-block-kadence-column kadence-column814_d39ca1-14\"><div class=\"kt-inside-inner-col\"><\/div><\/div>\n\n<\/div><\/div>\n\n<style>.kb-row-layout-id814_eb88f1-41 > .kt-row-column-wrap{align-content:start;}:where(.kb-row-layout-id814_eb88f1-41 > .kt-row-column-wrap) > .wp-block-kadence-column{justify-content:start;}.kb-row-layout-id814_eb88f1-41 > .kt-row-column-wrap{column-gap:var(--global-kb-gap-md, 2rem);row-gap:var(--global-kb-gap-md, 2rem);max-width:600px;margin-left:auto;margin-right:auto;padding-top:200px;padding-right:0px;padding-bottom:140px;padding-left:0px;grid-template-columns:minmax(0, 1fr);}.kb-row-layout-id814_eb88f1-41{background-image:url('https:\/\/fjarilyogasound.se\/wp-content\/uploads\/2026\/05\/piano.jpg');background-size:cover;background-position:center center;background-attachment:fixed;background-repeat:no-repeat;}.kb-row-layout-id814_eb88f1-41 > .kt-row-layout-overlay{opacity:0.65;background-color:#23023a;mix-blend-mode:normal;}@media all and (max-width: 1024px), only screen and (min-device-width: 1024px) and (max-device-width: 1366px) and (-webkit-min-device-pixel-ratio: 2) and (hover: none){.kb-row-layout-id814_eb88f1-41{background-attachment:scroll;}}@media all and (max-width: 1024px){.kb-row-layout-id814_eb88f1-41 > .kt-row-column-wrap{grid-template-columns:minmax(0, 1fr);}}@media all and (max-width: 767px){.kb-row-layout-id814_eb88f1-41 > .kt-row-column-wrap{padding-top:120px;padding-right:15px;padding-bottom:60px;padding-left:15px;grid-template-columns:minmax(0, 1fr);}}<\/style><div class=\"kb-row-layout-wrap kb-row-layout-id814_eb88f1-41 alignfull kt-row-has-bg wp-block-kadence-rowlayout\"><div class=\"kt-row-layout-overlay kt-row-overlay-normal\"><\/div><div class=\"kt-row-column-wrap kt-has-1-columns kt-row-layout-equal kt-tab-layout-inherit kt-mobile-layout-row kt-row-valign-top\">\n<style>.kadence-column814_95d1a6-90 > .kt-inside-inner-col{padding-top:10px;padding-right:10px;padding-bottom:10px;padding-left:10px;}.kadence-column814_95d1a6-90 > .kt-inside-inner-col,.kadence-column814_95d1a6-90 > .kt-inside-inner-col:before{border-top-left-radius:0px;border-top-right-radius:0px;border-bottom-right-radius:0px;border-bottom-left-radius:0px;}.kadence-column814_95d1a6-90 > .kt-inside-inner-col{column-gap:var(--global-kb-gap-sm, 1rem);}.kadence-column814_95d1a6-90 > .kt-inside-inner-col{flex-direction:column;}.kadence-column814_95d1a6-90 > .kt-inside-inner-col > .aligncenter{width:100%;}.kadence-column814_95d1a6-90 > .kt-inside-inner-col:before{opacity:0.3;}.kadence-column814_95d1a6-90{position:relative;}@media all and (max-width: 1024px){.kadence-column814_95d1a6-90 > .kt-inside-inner-col{flex-direction:column;justify-content:center;}}@media all and (max-width: 767px){.kadence-column814_95d1a6-90 > .kt-inside-inner-col{flex-direction:column;justify-content:center;}}<\/style>\n<div class=\"wp-block-kadence-column kadence-column814_95d1a6-90 inner-column-1\"><div class=\"kt-inside-inner-col\"><style>.wp-block-kadence-advancedheading.kt-adv-heading814_50047a-58, .wp-block-kadence-advancedheading.kt-adv-heading814_50047a-58[data-kb-block=\"kb-adv-heading814_50047a-58\"]{margin-bottom:26px;text-align:center;font-size:var(--global-kb-font-size-xl, 3rem);line-height:64px;font-style:normal;color:#f9fafc;}.wp-block-kadence-advancedheading.kt-adv-heading814_50047a-58 mark.kt-highlight, .wp-block-kadence-advancedheading.kt-adv-heading814_50047a-58[data-kb-block=\"kb-adv-heading814_50047a-58\"] mark.kt-highlight{font-style:normal;color:#f76a0c;-webkit-box-decoration-break:clone;box-decoration-break:clone;padding-top:0px;padding-right:0px;padding-bottom:0px;padding-left:0px;}.wp-block-kadence-advancedheading.kt-adv-heading814_50047a-58 img.kb-inline-image, .wp-block-kadence-advancedheading.kt-adv-heading814_50047a-58[data-kb-block=\"kb-adv-heading814_50047a-58\"] img.kb-inline-image{width:150px;vertical-align:baseline;}@media all and (max-width: 767px){.wp-block-kadence-advancedheading.kt-adv-heading814_50047a-58, .wp-block-kadence-advancedheading.kt-adv-heading814_50047a-58[data-kb-block=\"kb-adv-heading814_50047a-58\"]{font-size:32px;line-height:36px;}}<\/style>\n<h1 class=\"kt-adv-heading814_50047a-58 wp-block-kadence-advancedheading\" data-kb-block=\"kb-adv-heading814_50047a-58\">Kontakt<\/h1>\n\n\n<style>.wp-block-kadence-advancedheading.kt-adv-heading814_a40826-d2, .wp-block-kadence-advancedheading.kt-adv-heading814_a40826-d2[data-kb-block=\"kb-adv-heading814_a40826-d2\"]{margin-bottom:40px;text-align:center;font-style:normal;}.wp-block-kadence-advancedheading.kt-adv-heading814_a40826-d2 mark.kt-highlight, .wp-block-kadence-advancedheading.kt-adv-heading814_a40826-d2[data-kb-block=\"kb-adv-heading814_a40826-d2\"] mark.kt-highlight{font-style:normal;color:#f76a0c;-webkit-box-decoration-break:clone;box-decoration-break:clone;padding-top:0px;padding-right:0px;padding-bottom:0px;padding-left:0px;}.wp-block-kadence-advancedheading.kt-adv-heading814_a40826-d2 img.kb-inline-image, .wp-block-kadence-advancedheading.kt-adv-heading814_a40826-d2[data-kb-block=\"kb-adv-heading814_a40826-d2\"] img.kb-inline-image{width:150px;vertical-align:baseline;}<\/style>\n<p class=\"kt-adv-heading814_a40826-d2 wp-block-kadence-advancedheading has-theme-palette-4-color has-text-color\" data-kb-block=\"kb-adv-heading814_a40826-d2\"><\/p>\n\n\n<style>.wp-block-kadence-advancedbtn.kt-btns814_aed90f-33, .site .entry-content .wp-block-kadence-advancedbtn.kt-btns814_aed90f-33, .wp-block-kadence-advancedbtn.kb-btns814_aed90f-33, .site .entry-content .wp-block-kadence-advancedbtn.kb-btns814_aed90f-33{margin-top:0px;margin-bottom:-5px;}.wp-block-kadence-advancedbtn.kb-btns814_aed90f-33{gap:var(--global-kb-gap-xs, 0.5rem );justify-content:center;align-items:center;}.kt-btns814_aed90f-33 .kt-button{font-weight:normal;font-style:normal;}<\/style>\n<div class=\"wp-block-kadence-advancedbtn kb-buttons-wrap kb-btns814_aed90f-33\"><style>ul.menu .wp-block-kadence-advancedbtn .kb-btn814_560269-d2.kb-button{width:initial;}.wp-block-kadence-advancedbtn .kb-btn814_560269-d2.kb-button{padding-top:16px;padding-bottom:16px;}<\/style><a class=\"kb-button kt-button button kb-btn814_560269-d2 kt-btn-size-standard kt-btn-width-type-auto kb-btn-global-inherit  kt-btn-has-text-true kt-btn-has-svg-false  wp-block-button__link wp-block-kadence-singlebtn\" href=\"https:\/\/fjarilyogasound.se\/kontakt\/\"><span class=\"kt-btn-inner-text\">Kontakta mig<\/span><\/a><\/div>\n<\/div><\/div>\n\n<\/div><\/div>","protected":false},"excerpt":{"rendered":"<p>S\u00e5nglektioner Till mig \u00e4r alla som vill l\u00e4ra sig mer om s\u00e5ng v\u00e4lkomna. Jag arbetar lite olika beroende p\u00e5 DIG, din situation, \u00e5lder osv. och k\u00e4nner av vad just du beh\u00f6ver f\u00f6r att utvecklas. Med enkla tekniker kan du utveckla din s\u00e5ngr\u00f6st. Jag kombinerar Jo Estill Voice training-teknik med mina kunskaper fr\u00e5n Musikh\u00f6gskolan. Alla kan&#8230;<\/p>\n","protected":false},"author":1,"featured_media":0,"parent":0,"menu_order":0,"comment_status":"closed","ping_status":"closed","template":"","meta":{"_kadence_starter_templates_imported_post":false,"_kad_post_transparent":"enable","_kad_post_title":"show","_kad_post_layout":"fullwidth","_kad_post_sidebar_id":"","_kad_post_content_style":"","_kad_post_vertical_padding":"","_kad_post_feature":"","_kad_post_feature_position":"","_kad_post_header":false,"_kad_post_footer":false,"_kad_post_classname":"","footnotes":""},"class_list":["post-814","page","type-page","status-publish","hentry"],"_links":{"self":[{"href":"https:\/\/fjarilyogasound.se\/index.php?rest_route=\/wp\/v2\/pages\/814","targetHints":{"allow":["GET"]}}],"collection":[{"href":"https:\/\/fjarilyogasound.se\/index.php?rest_route=\/wp\/v2\/pages"}],"about":[{"href":"https:\/\/fjarilyogasound.se\/index.php?rest_route=\/wp\/v2\/types\/page"}],"author":[{"embeddable":true,"href":"https:\/\/fjarilyogasound.se\/index.php?rest_route=\/wp\/v2\/users\/1"}],"replies":[{"embeddable":true,"href":"https:\/\/fjarilyogasound.se\/index.php?rest_route=%2Fwp%2Fv2%2Fcomments&post=814"}],"version-history":[{"count":12,"href":"https:\/\/fjarilyogasound.se\/index.php?rest_route=\/wp\/v2\/pages\/814\/revisions"}],"predecessor-version":[{"id":1173,"href":"https:\/\/fjarilyogasound.se\/index.php?rest_route=\/wp\/v2\/pages\/814\/revisions\/1173"}],"wp:attachment":[{"href":"https:\/\/fjarilyogasound.se\/index.php?rest_route=%2Fwp%2Fv2%2Fmedia&parent=814"}],"curies":[{"name":"wp","href":"https:\/\/api.w.org\/{rel}","templated":true}]}}